 8923070?
3
What is the hundred thousands digit of 1168967?
1
What is the tens digit of 249479?
7
What is the units digit of 6034412?
2
What is the hundred thousands digit of 194802?
1
What is the hundreds digit of 797458?
4
What is the hundreds digit of 13514416?
4
What is the hundred thousands digit of 429337?
4
What is the hundreds digit of 138614?
6
What is the thousands digit of 18982794?
2
What is the units digit of 772324?
4
What is the ten thousands digit of 487189?
8
What is the hundreds digit of 390984?
9
What is the tens digit of 134477?
7
What is the tens digit of 2952627?
2
What is the hundreds digit of 305250?
2
What is the hundreds digit of 118334?
3
What is the hundred thousands digit of 18165025?
1
What is the hundreds digit of 298936?
9
What is the units digit of 14270522?
2
What is the thousands digit of 1352322?
2
What is the hundreds digit of 317105?
1
What is the thousands digit of 17145449?
5
What is the hundreds digit of 263894?
8
What is the ten thousands digit of 23324339?
2
What is the units digit of 4440104?
4
What is the hundreds digit of 579281?
2
What is the millions digit of 1391527?
1
What is the ten thousands digit of 41823?
4
What is the tens digit of 1160726?
2
What is the units digit of 1036806?
6
What is the hundreds digit of 1075739?
7
What is the hundreds digit of 522559?
5
What is the hundreds digit of 1015972?
9
What is the ten thousands digit of 608137?
0
What is the hundred thousands digit of 630649?
6
What is the millions digit of 2486414?
2
What is the hundred thousands digit of 490782?
4
What is the tens digit of 128401?
0
What is the ten thousands digit of 2472621?
7
What is the thousands digit of 794059?
4
What is the tens digit of 611160?
6
What is the units digit of 1711733?
3
What is the hundreds digit of 10879844?
8
What is the tens digit of 67426?
2
What is the thousands digit of 11472336?
2
What is the tens digit of 1162362?
6
What is the thousands digit of 528876?
8
What is the thousands digit of 7198861?
8
What is the thousands digit of 2976185?
6
What is the tens digit of 181398?
9
What is the ten thousands digit of 46492?
4
What is the hundred thousands digit of 686087?
6
What is the units digit of 4731628?
8
What is the hundreds digit of 60097?
0
What is the hundred thousands digit of 1471031?
4
What is the ten thousands digit of 7027713?
2
What is the hundreds digit of 728789?
7
What is the tens digit of 4802490?
9
What is the thousands digit of 1813438?
3
What is the hundred thousands digit of 1508375?
5
What is the ten thousands digit of 348940?
4
What is the millions digit of 2893763?
2
What is the hundreds digit of 14416189?
1
What is the hundred thousands digit of 855495?
8
What is the thousands digit of 10643323?
3
What is the hundred thousands digit of 279914?
2
What is the ten thousands digit of 864948?
6
What is the hundreds digit of 15745920?
9
What is the ten thousands digit of 3141572?
4
What is the millions digit of 7241819?
7
What is the thousands digit of 1928038?
8
What is the thousands digit of 1192637?
2
What is the hundreds digit of 958388?
3
What is the ten thousands digit of 1198835?
9
What is the units digit of 23820028?
8
What is the units digit of 1134294?
4
What is the tens digit of 20364783?
8
What is the hundreds digit of 9843057?
0
What is the hundreds digit of 4548646?
6
What is the hundreds digit of 20014899?
8
What is the tens digit of 174319?
1
What is the units digit of 4644068?
8
What is the ten thousands digit of 1228728?
2
What is the ten thousands digit of 11004417?
0
What is the hundred thousands digit of 3001117?
0
What is the units digit of 755270?
0
What is the units digit of 101440?
0
What is the millions digit of 16380073?
6
What is the hundred thousands digit of 462325?
4
What is the units digit of 1939352?
2
What is the units digit of 141292?
2
What is the tens digit of 18871264?
6
What is the hundred thousands digit of 2714612?
7
What is the tens digit of 208508?
0
What is the tens digit of 700370?
7
What is the thousands digit of 643215?
3
What is the thousands digit of 7930622?
0
What is the hundreds digit of 897441?
4
What is the hundreds digit of 753177?
1
What is the tens digit of 12233970?
7
What is the tens digit of 166259?
5
What is the units digit of 9595499?
9
What is the tens digit of 122909?
0
What is the millions digit of 1989537?
1
What is the units digit of 9152605?
5
What is the hundreds digit of 3684007?
0
What is the millions digit of 3819027?
3
What is the hundreds digit of 313368?
3
What is the hundreds digit of 6048134?
1
What is the thousands digit of 26231183?
1
What is the units digit of 9167473?
3
What is the hundreds digit of 14337212?
2
What is the thousands digit of 6210011?
0
What is the hundreds digit of 1269890?
8
What is the ten thousands digit of 741169?
4
What is the hundreds digit of 262450?
4
What is the units digit of 496716?
6
What is the hundred thousands digit of 298356?
2
What is the units digit of 3624361?
1
What is the thousands digit of 571045?
1
What is the thousands digit of 460042?
0
What is the tens digit of 43214?
1
What is the tens digit of 792610?
1
What is the hundred thousands digit of 831746?
8
What is the thousands digit of 199970?
9
What is the tens digit of 368741?
4
What is the tens digit of 265286?
8
What is the millions digit of 12825501?
2
What is the hundred thousands digit of 20339760?
3
What is the millions digit of 12651545?
2
What is the ten thousands digit of 176931?
7
What is the ten thousands digit of 59092?
5
What is the hundreds digit of 6003754?
7
What is the units digit of 729507?
7
What is the hundreds digit of 42256?
2
What is the hundreds digit of 4983632?
6
What is the units digit of 228839?
9
What is the hundred thousands digit of 6737868?
7
What is the units digit of 6804119?
9
What is the units digit of 763483?
3
What is the tens digit of 124449?
4
What is the hundreds digit of 3525164?
1
What is the hundred thousands digit of 864115?
8
What is the thousands digit of 31421?
1
What is the units digit of 5618465?
5
What is the units digit of 46183?
3
What is the millions digit of 4785091?
4
What is the units digit of 8320253?
3
What is the hundreds digit of 569247?
2
What is the hundreds digit of 337246?
2
What is the thousands digit of 729669?
9
What is the ten thousands digit of 3706224?
0
What is the ten thousands digit of 1682526?
8
What is the hundred thousands digit of 111070?
1
What is the thousands digit of 36821577?
1
What is the ten thousands digit of 16714154?
1
What is the hundred thousands digit of 6602317?
6
What is the ten thousands digit of 371659?
7
What is the units digit of 1756155?
5
What is the tens digit of 9779671?
7
What is the ten thousands digit of 23509?
2
What is the ten thousands digit of 2281001?
8
What is the units digit of 493298?
8
What is the tens digit of 1119907?
0
What is the thousands digit of 12472019?
2
What is the thousands digit of 962051?
2
What is the hundred thousands digit of 4220015?
2
What is the hundred thousands digit of 1318506?
3
What is the millions digit of 1653929?
1
What is the hundreds digit of 12094873?
8
What is the thousands digit of 3047448?
7
What is the units digit of 41768?
8
What is the thousands digit of 1417642?
7
What is the tens digit of 197918?
1
What is the ten thousands digit of 27523?
2
What is the hundred thousands digit of 784813?
7
What is the thousands digit of 366250?
6
What is the hundred thousands digit of 2953735?
9
What is the millions digit of 4478794?
4
What is the units digit of 24632?
2
What is the tens digit of 6465882?
8
What is the thousands digit of 3185220?
5
What is the tens digit of 74645?
4
What is the units digit of 170484?
4
What is the thousands digit of 80986?
0
What is the units digit of 176286?
6
What is the thousands digit of 104209?
4
What is the hundred thousands digit of 356062?
3
What is the hundreds digit of 82785?
7
What is the ten thousands digit of 531328?
3
What is the units digit of 1548134?
4
What is the tens digit of 267559?
5
What is the hundreds digit of 1882342?
3
What is the tens digit of 295152?
5
What is the units digit of 432260?
0
What is the ten thousands digit of 11686586?
8
What is the units digit of 1513231?
1
What is the hundreds dig